lse
Does 3755 divide 421776620?
True
Is 37 a factor of 273247812?
True
Is 24117035 a multiple of 1898?
False
Does 58 divide 25922901?
False
Does 1768 divide 41928120?
True
Does 20 divide 84136155?
False
Does 10 divide 783759134?
False
Does 66 divide 369289511?
False
Is 303 a factor of 702351297?
False
Is 6741630 a multiple of 567?
True
Is 9 a factor of 11561269?
False
Is 12 a factor of 314285124?
True
Is 20 a factor of 20102751?
False
Is 23669042 a multiple of 1491?
False
Is 1286 a factor of 14671297?
False
Does 65 divide 191217000?
True
Does 1938 divide 992292642?
False
Is 9185959322 a multiple of 29?
True
Does 650 divide 95408300?
True
Is 40662271 a multiple of 3232?
False
Is 306036187 a multiple of 125?
False
Is 4116740 a multiple of 4?
True
Is 689 a factor of 463798261?
False
Does 144 divide 12449535?
False
Is 11 a factor of 68164150?
False
Is 140957395 a multiple of 1110?
False
Is 14 a factor of 14497393?
False
Is 119457739 a multiple of 340?
False
Is 74 a factor of 64633672?
True
Is 653 a factor of 233620982?
False
Is 1342 a factor of 706804789?
False
Is 80707575 a multiple of 16?
False
Does 184 divide 45699712?
True
Is 45336258 a multiple of 99?
True
Is 64 a factor of 3267091456?
True
Is 59 a factor of 129272504?
False
Is 32618040 a multiple of 420?
True
Does 2474 divide 84191336?
False
Does 14 divide 6618500?
True
Is 2489 a factor of 62414164?
True
Is 213269147 a multiple of 42?
False
Is 9 a factor of 1867604477?
False
Is 335683227 a multiple of 14?
False
Is 1490790509 a multiple of 191?
False
Is 392167894 a multiple of 3004?
False
Does 73 divide 556423387?
False
Is 21 a factor of 80047739?
False
Does 2897 divide 2038972334?
True
Is 119 a factor of 2601783563?
False
Does 57 divide 18496842?
True
Is 155386196 a multiple of 28?
True
Does 1676 divide 113984422?
False
Does 11 divide 38477208?
True
Does 9 divide 14282294?
False
Is 87797475 a multiple of 25?
True
Is 563 a factor of 394072161?
False
Is 95215953 a multiple of 4999?
True
Does 120 divide 57497664?
False
Is 10 a factor of 263106522?
False
Does 88 divide 24231415?
False
Does 19 divide 270064916?
False
Does 42 divide 175184898?
True
Is 4 a factor of 818949608?
True
Is 1570756849 a multiple of 21?
False
Is 73320173 even?
False
Is 511132806 a multiple of 9344?
False
Is 26230050 a multiple of 693?
True
Does 41 divide 1003809018?
False
Is 209097064 a multiple of 44?
True
Does 26 divide 1839750590?
False
Does 43 divide 15360159?
True
Is 271324404 a multiple of 234?
True
Is 27787340 a multiple of 35?
True
Is 132 a factor of 6567765?
False
Does 52 divide 103834126?
False
Is 1250 a factor of 68575000?
True
Is 161581092 a multiple of 12?
True
Is 33201636 a multiple of 377?
True
Does 907 divide 366740008?
True
Does 2254 divide 2834085333?
False
Is 144029868 a multiple of 4850?
False
Does 97 divide 137508655?
True
Does 1607 divide 66569975?
True
Is 1255 a factor of 167581405?
True
Is 13 a factor of 1227853463?
False
Does 19 divide 8088813?
True
Is 2044345844 a multiple of 241?
False
Is 61 a factor of 956966?
False
Is 135527868 a multiple of 414?
True
Is 1031 a factor of 42015894?
False
Is 84 a factor of 443094120?
True
Is 1064282310 a multiple of 3045?
True
Is 2886 a factor of 1785507594?
True
Is 35 a factor of 15085875?
True
Is 10717414 a multiple of 29?
True
Is 4 a factor of 1837239?
False
Is 792 a factor of 2583638640?
True
Is 34 a factor of 38334094?
False
Is 45495595 a multiple of 95?
True
Is 793 a factor of 42643220?
False
Is 15085007 a multiple of 427?
False
Is 527948591 a multiple of 11?
False
Is 2356302153 a multiple of 51?
True
Does 7573 divide 521870576?
True
Does 15 divide 190981095?
True
Is 15 a factor of 46353795?
True
Is 59810809 a multiple of 2611?
False
Is 191100153 a multiple of 8?
False
Does 1605 divide 339039649?
False
Is 36290565 a multiple of 92?
False
Does 8 divide 8235048?
True
Is 52 a factor of 189875670?
False
Is 12 a factor of 81590552?
False
Is 38446231 a multiple of 15?
False
Is 220521940 a multiple of 141?
False
Is 18947219 a multiple of 298?
False
Is 7 a factor of 380980437?
False
Is 478 a factor of 73216216?
True
Is 1614 a factor of 56139762?
True
Is 14 a factor of 207423902?
True
Does 93 divide 230585316?
True
Is 59808804 a multiple of 2739?
True
Is 42543541 a multiple of 49?
False
Is 557 a factor of 10767253?
False
Is 461 a factor of 214628639?
False
Is 247485260 a multiple of 133?
False
Is 6 a factor of 20351766?
True
Does 654 divide 1275653394?
False
Does 111 divide 129656325?
True
Is 1311 a factor of 3060470505?
True
Does 11 divide 22150425?
True
Does 117 divide 423220473?
True
Is 1839625690 a multiple of 38?
False
Is 69 a factor of 237341510?
False
Does 3 divide 21850782?
True
Is 663 a factor of 957328179?
False
Is 5158043 a multiple of 16?
False
Does 141 divide 12762615?
True
Is 775 a factor of 6604589?
False
Does 221 divide 7808372?
True
Does 60 divide 11427840?
True
Does 4 divide 19359540?
True
Is 90933082 a multiple of 11?
False
Does 127 divide 275813413?
False
Is 87678305 a multiple of 11?
True
Is 3094101744 a multiple of 107?
False
Is 886 a factor of 1197707204?
True
Is 14561764 a multiple of 14?
True
Is 44 a factor of 48367792?
True
Is 12275202 a multiple of 17?
False
Does 10 divide 70529328?
False
Is 28 a factor of 430337894?
False
Is 161 a factor of 831515412?
True
Is 92291698 a multiple of 1773?
False
Is 69 a factor of 18060612?
True
Does 17 divide 58955711?
True
Does 49 divide 46238997?
True
Does 205 divide 21964110?
True
Is 196 a factor of 35078120?
True
Does 4073 divide 2641625793?
False
Is 8 a factor of 219137260?
False
Is 493 a factor of 38845893?
False
Is 977 a factor of 21488138?
True
Is 39041252 a multiple of 10?
False
Is 2366 a factor of 77961601?
False
Is 17 a factor of 203840572?
False
Is 155 a factor of 9624054?
False
Does 4881 divide 746197518?
True
Does 1372 divide 502114956?
True
Does 156 divide 39990279?
False
Does 918 divide 291661936?
False
Is 358881160 a multiple of 462?
False
Is 237 a factor of 36588086?
False
Is 5953622 a multiple of 1444?
False
Does 125 divide 3384282625?
True
Is 171 a factor of 4518163710?
True
Does 37 divide 321549352?
False
Is 31320183 a multiple of 405?
False
Does 3 divide 7811200?
False
Does 45 divide 29453579?
False
Does 22 divide 550726057?
False
Is 5146081 a multiple of 45?
False
Is 382572960 a multiple of 35?
True
Does 7002 divide 685694963?
False
Is 146 a factor of 63813193?
False
Is 77954984 a multiple of 565?
False
Is 47970552 a multiple of 28?
True
Is 19 a factor of 45326173?
False
Does 22 divide 4464916192?
True
Is 140168930 a multiple of 214?
True
Is 4180335 a multiple of 506?
False
Does 68 divide 23802380?
True
Is 28 a factor of 7792652?
True
Is 137086456 a multiple of 1273?
False
Does 5 divide 143084714?
False
Is 11697690 a multiple of 10?
True
Is 40831121 a multiple of 121?
False
Is 1289653650 a multiple of 405?
True
Is 6 a factor of 662623108?
False
Is 25 a factor of 155806815?
False
Is 37 a factor of 1170408412?
False
Is 48898542 a multiple of 6?
True
Does 3824 divide 481992256?
True
Is 21 a factor of 66072285?
False
Does 360 divide 298611720?
True
Is 4806463105 a multiple of 8?
False
Does 44 divide 15599064?
False
Does 326 divide 2064533?
False
Does 134 divide 1414859266?
False
Does 152 divide 18002542?
False
Is 46 a factor of 37771434?
False
Does 5 divide 1500683202?
False
Does 65 divide 111095363?
False
Is 11326 a factor of 377586188?
True
Is 2600233 a multiple of 168?
False
Does 1127 divide 17554828?
False
Is 7256663 a multiple of 60?
False
Does 779 divide 376997418?
False
Is 502962690 a multiple of 294?
False
Is 96706096 a multiple of 4?
True
Does 1733 divide 2761715805?
False
Does 250 divide 69514545?
False
Does 3743 divide 52196135?
True
Does 233 divide 7898234?
True
Does 838 divide 4197248810?
False
Does 1904 divide 132412011?
False
Is 973310124 a multiple of 83?
True
Is 3 a factor of 14529075?
True
Is 8 a factor of 663175560?
True
Does 75 divide 58206895?
False
Does 35 divide 18116000?
True
Is 13 a factor of 396045?
True
Is 30134012 a multiple of 1126?
True
Is 47244735 a multiple of 113?
True
Is 77 a factor of 83791169?
True
Is 14 a factor of 10484096?
True
Is 99 a factor of 6865036?
False
Does 152 divide 89735784?
True
Is 3898 a factor of 891168331?
False
Is 1471 a factor 